6 a factor of 390?
True
Is 366 a multiple of 3?
True
Does 124 divide 27107?
False
Is 13 a factor of 1501?
False
Is 13 a multiple of 13?
True
Is 1938 a multiple of 114?
True
Is 59 a factor of 2124?
True
Does 2 divide 264?
True
Is 85320 a multiple of 360?
True
Is 13 a factor of 76076?
True
Does 16 divide 12144?
True
Is 81 a multiple of 6?
False
Does 10 divide 480?
True
Is 6 a factor of 2623?
False
Does 12 divide 4476?
True
Is 14 a factor of 1090?
False
Is 3 a factor of 399?
True
Does 25 divide 13117?
False
Is 984 a multiple of 41?
True
Is 1080 a multiple of 90?
True
Is 7151 a multiple of 5?
False
Is 1078 a multiple of 77?
True
Does 50 divide 1598?
False
Does 4 divide 393?
False
Is 46 a factor of 1794?
True
Does 21 divide 357?
True
Is 18492 a multiple of 92?
True
Does 11 divide 8610?
False
Does 108 divide 1944?
True
Does 20 divide 480?
True
Does 3 divide 1289?
False
Is 924 a multiple of 22?
True
Is 270 a multiple of 3?
True
Is 26 a factor of 13418?
False
Is 12895 a multiple of 10?
False
Is 319 a multiple of 9?
False
Does 121 divide 21901?
True
Is 13174 a multiple of 51?
False
Does 10 divide 13720?
True
Is 8216 a multiple of 43?
False
Is 114 a factor of 1824?
True
Is 379 a multiple of 13?
False
Is 14 a factor of 123?
False
Is 1098 a multiple of 15?
False
Is 23 a factor of 1222?
False
Is 21 a factor of 33537?
True
Is 71 a factor of 71?
True
Does 95 divide 781?
False
Does 21 divide 25696?
False
Is 14762 a multiple of 122?
True
Is 23 a factor of 247?
False
Does 2 divide 1827?
False
Is 12 a factor of 1356?
True
Is 5 a factor of 1684?
False
Is 5115 a multiple of 2?
False
Is 13 a factor of 198?
False
Is 34 a factor of 1156?
True
Is 9 a factor of 36969?
False
Is 39 a factor of 16848?
True
Does 15 divide 49827?
False
Is 1566 a multiple of 9?
True
Is 3337 a multiple of 21?
False
Is 22 a factor of 1508?
False
Is 24 a factor of 2374?
False
Does 14 divide 2132?
False
Is 186 a factor of 34968?
True
Is 90 a multiple of 21?
False
Is 583 a multiple of 51?
False
Does 9 divide 747?
True
Is 15 a factor of 5123?
False
Is 26 a factor of 48516?
True
Is 367 a factor of 25614?
False
Is 740 a multiple of 20?
True
Is 6 a factor of 1872?
True
Is 44 a factor of 7656?
True
Is 8 a factor of 1256?
True
Is 4186 a multiple of 17?
False
Is 7 a factor of 226?
False
Does 53 divide 4929?
True
Is 90 a multiple of 2?
True
Is 39846 a multiple of 58?
True
Is 30 a factor of 2820?
True
Is 450 a multiple of 63?
False
Is 129 even?
False
Is 14 a factor of 434?
True
Is 30590 a multiple of 115?
True
Is 59620 a multiple of 10?
True
Is 72 a factor of 576?
True
Is 8 a factor of 137?
False
Is 29 a factor of 20936?
False
Is 20 a factor of 7860?
True
Is 16 a multiple of 5?
False
Is 2347 a multiple of 70?
False
Does 12 divide 3468?
True
Is 26961 a multiple of 129?
True
Does 15 divide 1015?
False
Is 296 a multiple of 8?
True
Is 81 a factor of 30375?
True
Is 5 a factor of 130?
True
Does 72 divide 2160?
True
Is 46674 a multiple of 90?
False
Is 2 a factor of 1003?
False
Is 200 a multiple of 10?
True
Is 11 a factor of 13420?
True
Does 53 divide 5314?
False
Is 131 a multiple of 22?
False
Does 32 divide 1280?
True
Is 450 a multiple of 2?
True
Is 376 a factor of 77974?
False
Is 10 a factor of 16177?
False
Does 148 divide 16700?
False
Is 61984 a multiple of 208?
True
Is 3104 a multiple of 7?
False
Is 60 a multiple of 9?
False
Is 7050 a multiple of 47?
True
Is 7 a factor of 5345?
False
Is 25794 a multiple of 9?
True
Is 66 a factor of 1718?
False
Is 39336 a multiple of 132?
True
Is 2432 a multiple of 32?
True
Is 25740 a multiple of 18?
True
Is 342 a multiple of 6?
True
Is 28 a factor of 308?
True
Is 7 a factor of 225?
False
Does 7 divide 1405?
False
Does 18 divide 929?
False
Does 17 divide 3267?
False
Is 8 a factor of 97?
False
Is 19050 a multiple of 75?
True
Does 75 divide 394?
False
Does 57 divide 627?
True
Is 324 a multiple of 5?
False
Is 4020 a multiple of 134?
True
Is 77 a factor of 693?
True
Is 10820 a multiple of 5?
True
Is 2 a factor of 131?
False
Is 15 a factor of 67890?
True
Is 101 a factor of 44547?
False
Does 44 divide 1291?
False
Is 716 a multiple of 9?
False
Is 1719 a multiple of 10?
False
Is 7958 a multiple of 173?
True
Is 912 a multiple of 76?
True
Does 25 divide 725?
True
Does 23 divide 22655?
True
Does 10 divide 2790?
True
Is 39 a factor of 1053?
True
Does 9 divide 5457?
False
Is 128510 a multiple of 42?
False
Is 1519 a multiple of 19?
False
Is 12 a factor of 1639?
False
Is 8 a factor of 5872?
True
Is 6 a factor of 36?
True
Is 29 a factor of 4930?
True
Is 40996 a multiple of 148?
True
Is 576 a multiple of 12?
True
Does 22 divide 151?
False
Is 1884 even?
True
Is 1161 a multiple of 21?
False
Is 14 a factor of 14476?
True
Does 30 divide 28396?
False
Is 54 a factor of 150610?
False
Does 36 divide 2484?
True
Is 1872 a multiple of 104?
True
Does 20 divide 994?
False
Does 15 divide 1650?
True
Does 16 divide 18736?
True
Does 71 divide 5889?
False
Does 28 divide 3530?
False
Is 986 a multiple of 31?
False
Is 68 a factor of 1972?
True
Does 13 divide 4121?
True
Is 682 a multiple of 11?
True
Is 13 a factor of 821?
False
Is 26 a factor of 4376?
False
Is 192 a multiple of 12?
True
Is 2838 a multiple of 33?
True
Is 18 a factor of 13896?
True
Is 18535 a multiple of 11?
True
Is 660 a multiple of 11?
True
Does 31 divide 2760?
False
Does 5 divide 709?
False
Is 13558 a multiple of 29?
False
Is 29 a factor of 674?
False
Does 27 divide 3447?
False
Is 63 a factor of 882?
True
Does 16 divide 51025?
False
Is 9 a factor of 115771?
False
Does 26 divide 554?
False
Is 22 a factor of 250?
False
Is 114 a factor of 12996?
True
Is 1056 a multiple of 5?
False
Does 7 divide 493?
False
Is 527 a multiple of 17?
True
Is 33750 a multiple of 27?
True
Is 3 a factor of 1668?
True
Is 45 a factor of 180?
True
Is 2926 even?
True
Is 2342 a multiple of 55?
False
Is 855 a multiple of 45?
True
Is 21 a factor of 16107?
True
Does 32 divide 1696?
True
Is 1218 a multiple of 24?
False
Is 3 a factor of 139?
False
Does 12 divide 2122?
False
Is 89 a factor of 178?
True
Is 46 a factor of 1794?
True
Is 11 a factor of 231?
True
Is 1166 a multiple of 70?
False
Is 25024 a multiple of 16?
True
Is 24 a factor of 48?
True
Does 56 divide 93618?
False
Is 51 a factor of 3876?
True
Does 41 divide 7501?
False
Does 24 divide 1658?
False
Is 26 a factor of 1518?
False
Does 2 divide 1861?
False
Is 5 a factor of 1061?
False
Is 10119 a multiple of 213?
False
Is 254 a factor of 41910?
True
Is 12 a factor of 5832?
True
Is 41 a factor of 287?
True
Does 42 divide 618?
False
Does 6 divide 338?
False
Is 47122 a multiple of 18?
False
Is 39015 a multiple of 15?
True
Is 13 a factor of 3835?
True
Is 8091 a multiple of 14?
False
Is 26 a factor of 1191?
False
Is 10 a factor of 249?
False
Is 1610 a multiple of 89?
False
Does 14 divide 2246?
False
Is 19 a factor of 2073?
False
Does 25 divide 147575?
True
Does 25 divide 275?
True
Does 63 divide 19962?
False
Is 12536 a multiple of 8?
True
Is 25854 a multiple of 26?
False
Is 4290 a multiple of 35?
False
Is 9 a factor of 591?
False
Is 122 a factor of 8767?
False
Is 210 a multiple of 6?
True
Is 829 a multiple of 26?
False
Is 2 a factor of 36?
True
Is 1000 a multiple of 20?
True
Is 15 a factor of 1845?
True
Is 13 a factor of 3315?
True
Is 3262 even?
True
Is 21 a factor of 147596?
False
Is 2 a factor of 169?
False
Is 72 a factor of 7920?
True
Is 92376 a multiple of 18?
True
Is 22 a factor of 396?
True
Is 23764 a multiple of 52?
True
Is 113 a factor of 3164?
True
Is 17 a factor of 816?
True
Is 92 a factor of 1840?
True
Does 14 divide 31052?
True
Is 22 a factor of 11242?
True
Is 218 a multiple of 11?
False
Is 8 a factor of 1400?
True
Does 4 divide 7085?
False
Is 7 a factor of 1272?
False
Is 392 a factor of 54010?
False
Is 27 a factor of 10992?
False
Is 26 a factor of 245?
False
Is 17 a factor of 1203?
False
Is 3904 a multiple of 48?
False
Is 21 a factor of 1162?
False
Does 9 divide 7065?
True
Does 15 divide 64200?
True
Is 10608 a multiple of 39?
True
Is 13840 a multiple of 16?
True
Is 44 a multiple of 44?
True
Does 43 divide 3698?
True
Does 13 divide 51545?
True
Is 3180 a multiple of 12?
True
Does 57 divide 570?
True
Is 9106 a multiple of 157?
True
Is 3 a factor of 397?
False
Is 61 a factor of 3050?
True
Is 1080 a multiple of 24?
True
Is